of 52733141?
3
What is the thousands digit of 111087451?
7
What is the thousands digit of 876149314?
9
What is the thousands digit of 14710173?
0
What is the hundred thousands digit of 36599357?
5
What is the millions digit of 37952717?
7
What is the units digit of 166519442?
2
What is the hundreds digit of 483410716?
7
What is the tens digit of 285666972?
7
What is the hundred thousands digit of 23239007?
2
What is the tens digit of 313105903?
0
What is the thousands digit of 195866147?
6
What is the millions digit of 65307631?
5
What is the hundred millions digit of 534373328?
5
What is the units digit of 59852141?
1
What is the hundreds digit of 6878612169?
1
What is the ten millions digit of 443755961?
4
What is the tens digit of 1237319020?
2
What is the tens digit of 47728399?
9
What is the tens digit of 24965063?
6
What is the ten millions digit of 1585707152?
8
What is the millions digit of 142875062?
2
What is the ten thousands digit of 3296809956?
0
What is the hundreds digit of 2130648?
6
What is the thousands digit of 102478704?
8
What is the hundred thousands digit of 186425149?
4
What is the hundreds digit of 8843469?
4
What is the millions digit of 1112290800?
2
What is the tens digit of 35162191?
9
What is the hundred millions digit of 194967450?
1
What is the hundreds digit of 60069737?
7
What is the ten thousands digit of 842044?
4
What is the units digit of 68887798?
8
What is the thousands digit of 3511978841?
8
What is the thousands digit of 5053487418?
7
What is the hundreds digit of 67272189?
1
What is the ten millions digit of 531719414?
3
What is the thousands digit of 25526883?
6
What is the hundreds digit of 112500655?
6
What is the tens digit of 436608982?
8
What is the hundreds digit of 6113519?
5
What is the hundred thousands digit of 350195144?
1
What is the hundreds digit of 1222916895?
8
What is the hundred millions digit of 207888041?
2
What is the thousands digit of 214436209?
6
What is the ten thousands digit of 7774703506?
0
What is the tens digit of 1016152593?
9
What is the hundred thousands digit of 416782832?
7
What is the ten millions digit of 739377180?
3
What is the hundred millions digit of 3578928906?
5
What is the tens digit of 129520282?
8
What is the ten thousands digit of 599008525?
0
What is the ten millions digit of 127845217?
2
What is the hundred thousands digit of 183556168?
5
What is the hundred thousands digit of 73152641?
1
What is the thousands digit of 49663289?
3
What is the ten thousands digit of 1564607820?
0
What is the billions digit of 1443061409?
1
What is the hundred thousands digit of 895299242?
2
What is the thousands digit of 286910507?
0
What is the thousands digit of 3514229?
4
What is the ten millions digit of 61501306?
6
What is the hundreds digit of 118781657?
6
What is the tens digit of 1902190532?
3
What is the hundreds digit of 69485477?
4
What is the millions digit of 342826034?
2
What is the ten thousands digit of 1501229?
0
What is the units digit of 6536551?
1
What is the ten thousands digit of 410083709?
8
What is the ten millions digit of 363973523?
6
What is the tens digit of 1860336372?
7
What is the billions digit of 6432227375?
6
What is the thousands digit of 3614789150?
9
What is the ten millions digit of 58268750?
5
What is the ten thousands digit of 3095905200?
0
What is the hundred millions digit of 289146871?
2
What is the millions digit of 582817093?
2
What is the tens digit of 184427343?
4
What is the tens digit of 3150187530?
3
What is the hundred thousands digit of 255932404?
9
What is the thousands digit of 53761626?
1
What is the hundreds digit of 67515416?
4
What is the hundreds digit of 1311828199?
1
What is the tens digit of 75355236?
3
What is the thousands digit of 62344275?
4
What is the hundreds digit of 6379927?
9
What is the hundreds digit of 1143459581?
5
What is the thousands digit of 100247270?
7
What is the units digit of 616846728?
8
What is the hundreds digit of 2424750335?
3
What is the hundreds digit of 152668422?
4
What is the millions digit of 254957430?
4
What is the thousands digit of 15896538?
6
What is the hundred thousands digit of 138114285?
1
What is the millions digit of 45314921?
5
What is the tens digit of 199632745?
4
What is the ten thousands digit of 136515579?
1
What is the hundred millions digit of 168442916?
1
What is the millions digit of 31107890?
1
What is the thousands digit of 82049445?
9
What is the hundred thousands digit of 2276620107?
6
What is the hundred thousands digit of 53277684?
2
What is the units digit of 224168112?
2
What is the units digit of 4785416568?
8
What is the ten millions digit of 1141733354?
4
What is the ten millions digit of 70478129?
7
What is the hundred millions digit of 587259854?
5
What is the hundreds digit of 9359980757?
7
What is the thousands digit of 54020556?
0
What is the billions digit of 3550148529?
3
What is the hundreds digit of 241130246?
2
What is the thousands digit of 61808167?
8
What is the thousands digit of 122113186?
3
What is the units digit of 241272867?
7
What is the hundreds digit of 72559970?
9
What is the millions digit of 375531442?
5
What is the hundred millions digit of 992964059?
9
What is the ten millions digit of 72979697?
7
What is the millions digit of 213643551?
3
What is the thousands digit of 997074120?
4
What is the ten thousands digit of 5169834652?
3
What is the hundred thousands digit of 16026002?
0
What is the hundreds digit of 118941307?
3
What is the ten millions digit of 159179010?
5
What is the hundreds digit of 3693808326?
3
What is the hundred millions digit of 252267869?
2
What is the thousands digit of 24552202?
2
What is the thousands digit of 11565297?
5
What is the ten thousands digit of 967332095?
3
What is the hundred thousands digit of 3965647669?
6
What is the tens digit of 390815528?
2
What is the tens digit of 1601562394?
9
What is the hundreds digit of 1479849191?
1
What is the units digit of 20031859?
9
What is the units digit of 3275756114?
4
What is the millions digit of 822836704?
2
What is the hundreds digit of 90618021?
0
What is the hundred thousands digit of 327242992?
2
What is the tens digit of 26184415?
1
What is the ten thousands digit of 13108160?
0
What is the billions digit of 2471240123?
2
What is the ten millions digit of 1425247766?
2
What is the tens digit of 113315789?
8
What is the units digit of 268447904?
4
What is the hundreds digit of 193379781?
7
What is the units digit of 42183836?
6
What is the ten thousands digit of 910801828?
0
What is the hundred thousands digit of 419175688?
1
What is the tens digit of 222186479?
7
What is the hundred thousands digit of 186769381?
7
What is the units digit of 165770322?
2
What is the tens digit of 979884498?
9
What is the millions digit of 35451393?
5
What is the ten thousands digit of 805884390?
8
What is the ten thousands digit of 8852219?
5
What is the ten thousands digit of 249241120?
4
What is the hundred thousands digit of 18696403?
6
What is the units digit of 86433150?
0
What is the ten millions digit of 338511896?
3
What is the hundred thousands digit of 99493523?
4
What is the hundred thousands digit of 1725542?
7
What is the hundred millions digit of 682711812?
6
What is the ten thousands digit of 24203423?
0
What is the thousands digit of 178363912?
3
What is the hundred millions digit of 7987840654?
9
What is the units digit of 2987859?
9
What is the units digit of 30456814?
4
What is the units digit of 1897795848?
8
What is the hundred millions digit of 2256183941?
2
What is the ten thousands digit of 269908440?
0
What is the ten thousands digit of 161251619?
5
What is the ten thousands digit of 7544919?
4
What is the units digit of 29581227?
7
What is the hundred thousands digit of 1450806397?
8
What is the hundred millions digit of 925624200?
9
What is the hundreds digit of 68133982?
9
What is the hundred millions digit of 2717774434?
7
What is the hundred millions digit of 264437878?
2
What is the tens digit of 53655776?
7
What is the thousands digit of 2004626479?
6
What is the units digit of 578486496?
6
What is the tens digit of 75349799?
9
What is the ten millions digit of 787832594?
8
What is the ten thousands digit of 183758